{"id":116,"date":"2023-11-19T19:01:45","date_gmt":"2023-11-19T18:01:45","guid":{"rendered":"https:\/\/challenge-velo-utile.fr\/?page_id=116"},"modified":"2026-04-16T11:07:47","modified_gmt":"2026-04-16T09:07:47","slug":"newsletters","status":"publish","type":"page","link":"https:\/\/challenge-velo-utile.fr\/index.php\/newsletters\/","title":{"rendered":"Newsletters"},"content":{"rendered":"\n<p>Newsletter du 18 f\u00e9vrier 2026 : <a href=\"https:\/\/mailchi.mp\/d4d3ff6e5358\/voici-vos-kit-de-communication-3-mois-pour-prparer-votre-quipe\">https:\/\/mailchi.mp\/d4d3ff6e5358\/voici-vos-kit-de-communication-3-mois-pour-prparer-votre-quipe<\/a><\/p>\n\n\n\n<p>Newsletter du 19 mars 2026 : <a href=\"https:\/\/mailchi.mp\/399957d01097\/voici-vos-kit-de-communication-3-mois-pour-prparer-votre-quipe-6431505\">https:\/\/mailchi.mp\/399957d01097\/voici-vos-kit-de-communication-3-mois-pour-prparer-votre-quipe-6431505<\/a><\/p>\n\n\n\n<p>Newsletter du 16 avril 2026 : <a href=\"https:\/\/mailchi.mp\/e75a9d611615\/voici-vos-kit-de-communication-3-mois-pour-prparer-votre-quipe-6432193\">https:\/\/mailchi.mp\/e75a9d611615\/voici-vos-kit-de-communication-3-mois-pour-prparer-votre-quipe-6432193<\/a><\/p>\n\n\n\n<p><\/p>\n\n\n\n<p><\/p>\n","protected":false},"excerpt":{"rendered":"<p>Newsletter du 18 f\u00e9vrier 2026 : https:\/\/mailchi.mp\/d4d3ff6e5358\/voici-vos-kit-de-communication-3-mois-pour-prparer-votre-quipe Newsletter du 19 mars 2026 : https:\/\/mailchi.mp\/399957d01097\/voici-vos-kit-de-communication-3-mois-pour-prparer-votre-quipe-6431505 Newsletter du 16 avril 2026 : https:\/\/mailchi.mp\/e75a9d611615\/voici-vos-kit-de-communication-3-mois-pour-prparer-votre-quipe-6432193<\/p>\n","protected":false},"author":1,"featured_media":0,"parent":0,"menu_order":0,"comment_status":"closed","ping_status":"closed","template":"","meta":{"footnotes":""},"class_list":["post-116","page","type-page","status-publish","hentry"],"yoast_head":"<!-- This site is optimized with the Yoast SEO plugin v27.4 - https:\/\/yoast.com\/product\/yoast-seo-wordpress\/ -->\n<title>Newsletters - Le challenge des mobilit\u00e9s St-Brieuc C\u00f4tes d&#039;Armor<\/title>\n<meta name=\"robots\" content=\"index, follow, max-snippet:-1, max-image-preview:large, max-video-preview:-1\" \/>\n<link rel=\"canonical\" href=\"https:\/\/challenge-velo-utile.fr\/index.php\/newsletters\/\" \/>\n<meta property=\"og:locale\" content=\"fr_FR\" \/>\n<meta property=\"og:type\" content=\"article\" \/>\n<meta property=\"og:title\" content=\"Newsletters - Le challenge des mobilit\u00e9s St-Brieuc C\u00f4tes d&#039;Armor\" \/>\n<meta property=\"og:description\" content=\"Newsletter du 18 f\u00e9vrier 2026 : https:\/\/mailchi.mp\/d4d3ff6e5358\/voici-vos-kit-de-communication-3-mois-pour-prparer-votre-quipe Newsletter du 19 mars 2026 : https:\/\/mailchi.mp\/399957d01097\/voici-vos-kit-de-communication-3-mois-pour-prparer-votre-quipe-6431505 Newsletter du 16 avril 2026 : https:\/\/mailchi.mp\/e75a9d611615\/voici-vos-kit-de-communication-3-mois-pour-prparer-votre-quipe-6432193\" \/>\n<meta property=\"og:url\" content=\"https:\/\/challenge-velo-utile.fr\/index.php\/newsletters\/\" \/>\n<meta property=\"og:site_name\" content=\"Le challenge des mobilit\u00e9s St-Brieuc C\u00f4tes d&#039;Armor\" \/>\n<meta property=\"article:publisher\" content=\"https:\/\/www.facebook.com\/challengeveloutile\/\" \/>\n<meta property=\"article:modified_time\" content=\"2026-04-16T09:07:47+00:00\" \/>\n<meta name=\"twitter:card\" content=\"summary_large_image\" \/>\n<meta name=\"twitter:site\" content=\"@CHALLENGEVELO22\" \/>\n<meta name=\"twitter:label1\" content=\"Dur\u00e9e de lecture estim\u00e9e\" \/>\n\t<meta name=\"twitter:data1\" content=\"1 minute\" \/>\n<script type=\"application\/ld+json\" class=\"yoast-schema-graph\">{\"@context\":\"https:\\\/\\\/schema.org\",\"@graph\":[{\"@type\":\"WebPage\",\"@id\":\"https:\\\/\\\/challenge-velo-utile.fr\\\/index.php\\\/newsletters\\\/\",\"url\":\"https:\\\/\\\/challenge-velo-utile.fr\\\/index.php\\\/newsletters\\\/\",\"name\":\"Newsletters - Le challenge des mobilit\u00e9s St-Brieuc C\u00f4tes d&#039;Armor\",\"isPartOf\":{\"@id\":\"https:\\\/\\\/challenge-velo-utile.fr\\\/#website\"},\"datePublished\":\"2023-11-19T18:01:45+00:00\",\"dateModified\":\"2026-04-16T09:07:47+00:00\",\"breadcrumb\":{\"@id\":\"https:\\\/\\\/challenge-velo-utile.fr\\\/index.php\\\/newsletters\\\/#breadcrumb\"},\"inLanguage\":\"fr-FR\",\"potentialAction\":[{\"@type\":\"ReadAction\",\"target\":[\"https:\\\/\\\/challenge-velo-utile.fr\\\/index.php\\\/newsletters\\\/\"]}]},{\"@type\":\"BreadcrumbList\",\"@id\":\"https:\\\/\\\/challenge-velo-utile.fr\\\/index.php\\\/newsletters\\\/#breadcrumb\",\"itemListElement\":[{\"@type\":\"ListItem\",\"position\":1,\"name\":\"Accueil\",\"item\":\"https:\\\/\\\/challenge-velo-utile.fr\\\/\"},{\"@type\":\"ListItem\",\"position\":2,\"name\":\"Newsletters\"}]},{\"@type\":\"WebSite\",\"@id\":\"https:\\\/\\\/challenge-velo-utile.fr\\\/#website\",\"url\":\"https:\\\/\\\/challenge-velo-utile.fr\\\/\",\"name\":\"Le challenge des mobilit\u00e9s St-Brieuc C\u00f4tes d'Armor\",\"description\":\"\",\"publisher\":{\"@id\":\"https:\\\/\\\/challenge-velo-utile.fr\\\/#organization\"},\"alternateName\":\"Challenge V\u00e9lo Utile\",\"potentialAction\":[{\"@type\":\"SearchAction\",\"target\":{\"@type\":\"EntryPoint\",\"urlTemplate\":\"https:\\\/\\\/challenge-velo-utile.fr\\\/?s={search_term_string}\"},\"query-input\":{\"@type\":\"PropertyValueSpecification\",\"valueRequired\":true,\"valueName\":\"search_term_string\"}}],\"inLanguage\":\"fr-FR\"},{\"@type\":\"Organization\",\"@id\":\"https:\\\/\\\/challenge-velo-utile.fr\\\/#organization\",\"name\":\"Le challenge des mobilit\u00e9s St-Brieuc C\u00f4tes d'Armor\",\"alternateName\":\"Challenge V\u00e9lo Utile\",\"url\":\"https:\\\/\\\/challenge-velo-utile.fr\\\/\",\"logo\":{\"@type\":\"ImageObject\",\"inLanguage\":\"fr-FR\",\"@id\":\"https:\\\/\\\/challenge-velo-utile.fr\\\/#\\\/schema\\\/logo\\\/image\\\/\",\"url\":\"https:\\\/\\\/challenge-velo-utile.fr\\\/wp-content\\\/uploads\\\/2023\\\/11\\\/A3-CMSBA2024.png\",\"contentUrl\":\"https:\\\/\\\/challenge-velo-utile.fr\\\/wp-content\\\/uploads\\\/2023\\\/11\\\/A3-CMSBA2024.png\",\"width\":842,\"height\":1191,\"caption\":\"Le challenge des mobilit\u00e9s St-Brieuc C\u00f4tes d'Armor\"},\"image\":{\"@id\":\"https:\\\/\\\/challenge-velo-utile.fr\\\/#\\\/schema\\\/logo\\\/image\\\/\"},\"sameAs\":[\"https:\\\/\\\/www.facebook.com\\\/challengeveloutile\\\/\",\"https:\\\/\\\/x.com\\\/CHALLENGEVELO22\"]}]}<\/script>\n<!-- \/ Yoast SEO plugin. -->","yoast_head_json":{"title":"Newsletters - Le challenge des mobilit\u00e9s St-Brieuc C\u00f4tes d&#039;Armor","robots":{"index":"index","follow":"follow","max-snippet":"max-snippet:-1","max-image-preview":"max-image-preview:large","max-video-preview":"max-video-preview:-1"},"canonical":"https:\/\/challenge-velo-utile.fr\/index.php\/newsletters\/","og_locale":"fr_FR","og_type":"article","og_title":"Newsletters - Le challenge des mobilit\u00e9s St-Brieuc C\u00f4tes d&#039;Armor","og_description":"Newsletter du 18 f\u00e9vrier 2026 : https:\/\/mailchi.mp\/d4d3ff6e5358\/voici-vos-kit-de-communication-3-mois-pour-prparer-votre-quipe Newsletter du 19 mars 2026 : https:\/\/mailchi.mp\/399957d01097\/voici-vos-kit-de-communication-3-mois-pour-prparer-votre-quipe-6431505 Newsletter du 16 avril 2026 : https:\/\/mailchi.mp\/e75a9d611615\/voici-vos-kit-de-communication-3-mois-pour-prparer-votre-quipe-6432193","og_url":"https:\/\/challenge-velo-utile.fr\/index.php\/newsletters\/","og_site_name":"Le challenge des mobilit\u00e9s St-Brieuc C\u00f4tes d&#039;Armor","article_publisher":"https:\/\/www.facebook.com\/challengeveloutile\/","article_modified_time":"2026-04-16T09:07:47+00:00","twitter_card":"summary_large_image","twitter_site":"@CHALLENGEVELO22","twitter_misc":{"Dur\u00e9e de lecture estim\u00e9e":"1 minute"},"schema":{"@context":"https:\/\/schema.org","@graph":[{"@type":"WebPage","@id":"https:\/\/challenge-velo-utile.fr\/index.php\/newsletters\/","url":"https:\/\/challenge-velo-utile.fr\/index.php\/newsletters\/","name":"Newsletters - Le challenge des mobilit\u00e9s St-Brieuc C\u00f4tes d&#039;Armor","isPartOf":{"@id":"https:\/\/challenge-velo-utile.fr\/#website"},"datePublished":"2023-11-19T18:01:45+00:00","dateModified":"2026-04-16T09:07:47+00:00","breadcrumb":{"@id":"https:\/\/challenge-velo-utile.fr\/index.php\/newsletters\/#breadcrumb"},"inLanguage":"fr-FR","potentialAction":[{"@type":"ReadAction","target":["https:\/\/challenge-velo-utile.fr\/index.php\/newsletters\/"]}]},{"@type":"BreadcrumbList","@id":"https:\/\/challenge-velo-utile.fr\/index.php\/newsletters\/#breadcrumb","itemListElement":[{"@type":"ListItem","position":1,"name":"Accueil","item":"https:\/\/challenge-velo-utile.fr\/"},{"@type":"ListItem","position":2,"name":"Newsletters"}]},{"@type":"WebSite","@id":"https:\/\/challenge-velo-utile.fr\/#website","url":"https:\/\/challenge-velo-utile.fr\/","name":"Le challenge des mobilit\u00e9s St-Brieuc C\u00f4tes d'Armor","description":"","publisher":{"@id":"https:\/\/challenge-velo-utile.fr\/#organization"},"alternateName":"Challenge V\u00e9lo Utile","potentialAction":[{"@type":"SearchAction","target":{"@type":"EntryPoint","urlTemplate":"https:\/\/challenge-velo-utile.fr\/?s={search_term_string}"},"query-input":{"@type":"PropertyValueSpecification","valueRequired":true,"valueName":"search_term_string"}}],"inLanguage":"fr-FR"},{"@type":"Organization","@id":"https:\/\/challenge-velo-utile.fr\/#organization","name":"Le challenge des mobilit\u00e9s St-Brieuc C\u00f4tes d'Armor","alternateName":"Challenge V\u00e9lo Utile","url":"https:\/\/challenge-velo-utile.fr\/","logo":{"@type":"ImageObject","inLanguage":"fr-FR","@id":"https:\/\/challenge-velo-utile.fr\/#\/schema\/logo\/image\/","url":"https:\/\/challenge-velo-utile.fr\/wp-content\/uploads\/2023\/11\/A3-CMSBA2024.png","contentUrl":"https:\/\/challenge-velo-utile.fr\/wp-content\/uploads\/2023\/11\/A3-CMSBA2024.png","width":842,"height":1191,"caption":"Le challenge des mobilit\u00e9s St-Brieuc C\u00f4tes d'Armor"},"image":{"@id":"https:\/\/challenge-velo-utile.fr\/#\/schema\/logo\/image\/"},"sameAs":["https:\/\/www.facebook.com\/challengeveloutile\/","https:\/\/x.com\/CHALLENGEVELO22"]}]}},"_links":{"self":[{"href":"https:\/\/challenge-velo-utile.fr\/index.php\/wp-json\/wp\/v2\/pages\/116","targetHints":{"allow":["GET"]}}],"collection":[{"href":"https:\/\/challenge-velo-utile.fr\/index.php\/wp-json\/wp\/v2\/pages"}],"about":[{"href":"https:\/\/challenge-velo-utile.fr\/index.php\/wp-json\/wp\/v2\/types\/page"}],"author":[{"embeddable":true,"href":"https:\/\/challenge-velo-utile.fr\/index.php\/wp-json\/wp\/v2\/users\/1"}],"replies":[{"embeddable":true,"href":"https:\/\/challenge-velo-utile.fr\/index.php\/wp-json\/wp\/v2\/comments?post=116"}],"version-history":[{"count":19,"href":"https:\/\/challenge-velo-utile.fr\/index.php\/wp-json\/wp\/v2\/pages\/116\/revisions"}],"predecessor-version":[{"id":390,"href":"https:\/\/challenge-velo-utile.fr\/index.php\/wp-json\/wp\/v2\/pages\/116\/revisions\/390"}],"wp:attachment":[{"href":"https:\/\/challenge-velo-utile.fr\/index.php\/wp-json\/wp\/v2\/media?parent=116"}],"curies":[{"name":"wp","href":"https:\/\/api.w.org\/{rel}","templated":true}]}}

<p>Newsletter du 18 février 2026 : <a href="https://mailchi.mp/d4d3ff6e5358/voici-vos-kit-de-communication-3-mois-pour-prparer-votre-quipe">https://mailchi.mp/d4d3ff6e5358/voici-vos-kit-de-communication-3-mois-pour-prparer-votre-quipe</a></p>



<p>Newsletter du 19 mars 2026 : <a href="https://mailchi.mp/399957d01097/voici-vos-kit-de-communication-3-mois-pour-prparer-votre-quipe-6431505">https://mailchi.mp/399957d01097/voici-vos-kit-de-communication-3-mois-pour-prparer-votre-quipe-6431505</a></p>



<p>Newsletter du 16 avril 2026 : <a href="https://mailchi.mp/e75a9d611615/voici-vos-kit-de-communication-3-mois-pour-prparer-votre-quipe-6432193">https://mailchi.mp/e75a9d611615/voici-vos-kit-de-communication-3-mois-pour-prparer-votre-quipe-6432193</a></p>



<p></p>



<p></p>

<p>Newsletter du 18 février 2026 : https://mailchi.mp/d4d3ff6e5358/voici-vos-kit-de-communication-3-mois-pour-prparer-votre-quipe Newsletter du 19 mars 2026 : https://mailchi.mp/399957d01097/voici-vos-kit-de-communication-3-mois-pour-prparer-votre-quipe-6431505 Newsletter du 16 avril 2026 : https://mailchi.mp/e75a9d611615/voici-vos-kit-de-communication-3-mois-pour-prparer-votre-quipe-6432193</p>

<!-- This site is optimized with the Yoast SEO plugin v27.4 - https://yoast.com/product/yoast-seo-wordpress/ -->
<title>Newsletters - Le challenge des mobilités St-Brieuc Côtes d&#039;Armor</title>
<meta name="robots" content="index, follow, max-snippet:-1, max-image-preview:large, max-video-preview:-1" />
<link rel="canonical" href="https://challenge-velo-utile.fr/index.php/newsletters/" />
<meta property="og:locale" content="fr_FR" />
<meta property="og:type" content="article" />
<meta property="og:title" content="Newsletters - Le challenge des mobilités St-Brieuc Côtes d&#039;Armor" />
<meta property="og:description" content="Newsletter du 18 février 2026 : https://mailchi.mp/d4d3ff6e5358/voici-vos-kit-de-communication-3-mois-pour-prparer-votre-quipe Newsletter du 19 mars 2026 : https://mailchi.mp/399957d01097/voici-vos-kit-de-communication-3-mois-pour-prparer-votre-quipe-6431505 Newsletter du 16 avril 2026 : https://mailchi.mp/e75a9d611615/voici-vos-kit-de-communication-3-mois-pour-prparer-votre-quipe-6432193" />
<meta property="og:url" content="https://challenge-velo-utile.fr/index.php/newsletters/" />
<meta property="og:site_name" content="Le challenge des mobilités St-Brieuc Côtes d&#039;Armor" />
<meta property="article:publisher" content="https://www.facebook.com/challengeveloutile/" />
<meta property="article:modified_time" content="2026-04-16T09:07:47+00:00" />
<meta name="twitter:card" content="summary_large_image" />
<meta name="twitter:site" content="@CHALLENGEVELO22" />
<meta name="twitter:label1" content="Durée de lecture estimée" />
	<meta name="twitter:data1" content="1 minute" />
<script type="application/ld+json" class="yoast-schema-graph">{"@context":"https:\/\/schema.org","@graph":[{"@type":"WebPage","@id":"https:\/\/challenge-velo-utile.fr\/index.php\/newsletters\/","url":"https:\/\/challenge-velo-utile.fr\/index.php\/newsletters\/","name":"Newsletters - Le challenge des mobilités St-Brieuc Côtes d&#039;Armor","isPartOf":{"@id":"https:\/\/challenge-velo-utile.fr\/#website"},"datePublished":"2023-11-19T18:01:45+00:00","dateModified":"2026-04-16T09:07:47+00:00","breadcrumb":{"@id":"https:\/\/challenge-velo-utile.fr\/index.php\/newsletters\/#breadcrumb"},"inLanguage":"fr-FR","potentialAction":[{"@type":"ReadAction","target":["https:\/\/challenge-velo-utile.fr\/index.php\/newsletters\/"]}]},{"@type":"BreadcrumbList","@id":"https:\/\/challenge-velo-utile.fr\/index.php\/newsletters\/#breadcrumb","itemListElement":[{"@type":"ListItem","position":1,"name":"Accueil","item":"https:\/\/challenge-velo-utile.fr\/"},{"@type":"ListItem","position":2,"name":"Newsletters"}]},{"@type":"WebSite","@id":"https:\/\/challenge-velo-utile.fr\/#website","url":"https:\/\/challenge-velo-utile.fr\/","name":"Le challenge des mobilités St-Brieuc Côtes d'Armor","description":"","publisher":{"@id":"https:\/\/challenge-velo-utile.fr\/#organization"},"alternateName":"Challenge Vélo Utile","potentialAction":[{"@type":"SearchAction","target":{"@type":"EntryPoint","urlTemplate":"https:\/\/challenge-velo-utile.fr\/?s={search_term_string}"},"query-input":{"@type":"PropertyValueSpecification","valueRequired":true,"valueName":"search_term_string"}}],"inLanguage":"fr-FR"},{"@type":"Organization","@id":"https:\/\/challenge-velo-utile.fr\/#organization","name":"Le challenge des mobilités St-Brieuc Côtes d'Armor","alternateName":"Challenge Vélo Utile","url":"https:\/\/challenge-velo-utile.fr\/","logo":{"@type":"ImageObject","inLanguage":"fr-FR","@id":"https:\/\/challenge-velo-utile.fr\/#\/schema\/logo\/image\/","url":"https:\/\/challenge-velo-utile.fr\/wp-content\/uploads\/2023\/11\/A3-CMSBA2024.png","contentUrl":"https:\/\/challenge-velo-utile.fr\/wp-content\/uploads\/2023\/11\/A3-CMSBA2024.png","width":842,"height":1191,"caption":"Le challenge des mobilités St-Brieuc Côtes d'Armor"},"image":{"@id":"https:\/\/challenge-velo-utile.fr\/#\/schema\/logo\/image\/"},"sameAs":["https:\/\/www.facebook.com\/challengeveloutile\/","https:\/\/x.com\/CHALLENGEVELO22"]}]}</script>
<!-- / Yoast SEO plugin. -->

Newsletters - Le challenge des mobilités St-Brieuc Côtes d&#039;Armor

Newsletter du 18 février 2026 : https://mailchi.mp/d4d3ff6e5358/voici-vos-kit-de-communication-3-mois-pour-prparer-votre-quipe Newsletter du 19 mars 2026 : https://mailchi.mp/399957d01097/voici-vos-kit-de-communication-3-mois-pour-prparer-votre-quipe-6431505 Newsletter du 16 avril 2026 : https://mailchi.mp/e75a9d611615/voici-vos-kit-de-communication-3-mois-pour-prparer-votre-quipe-6432193

Le challenge des mobilités St-Brieuc Côtes d&#039;Armor

Le challenge des mobilités St-Brieuc Côtes d'Armor

Challenge Vélo Utile
