{"id":102,"date":"2023-11-19T18:47:50","date_gmt":"2023-11-19T17:47:50","guid":{"rendered":"https:\/\/challenge-velo-utile.fr\/?page_id=102"},"modified":"2023-11-19T18:47:50","modified_gmt":"2023-11-19T17:47:50","slug":"pour-aller-plus-loin","status":"publish","type":"page","link":"https:\/\/challenge-velo-utile.fr\/index.php\/pour-aller-plus-loin\/","title":{"rendered":"Pour aller plus loin"},"content":{"rendered":"\n<h2 class=\"wp-block-heading\">EMPLOYEURS<\/h2>\n\n\n\n<p><strong>Employeurs<\/strong>, quelques incitations<\/p>\n\n\n\n<p><a href=\"https:\/\/www.service-public.fr\/professionnels-entreprises\/vosdroits\/F33808\">https:\/\/www.service-public.fr\/professionnels-entreprises\/vosdroits\/F33808<\/a><\/p>\n\n\n\n<h4 class=\"wp-block-heading\">ETABLISSEMENTS D&rsquo;ENSEIGNEMENT<\/h4>\n\n\n\n<p><strong>Responsables d&rsquo;\u00e9tablissements d&rsquo;enseignement<\/strong>, Semaine europ\u00e9enne de la mobilit\u00e9<\/p>\n\n\n\n<p><a href=\"http:\/\/www.education.gouv.fr\/cid57626\/semaine-de-la-mobilite.html\">http:\/\/www.education.gouv.fr\/cid57626\/semaine-de-la-mobilite.html<\/a><\/p>\n\n\n\n<h4 class=\"wp-block-heading\">IDEES COMPETENCES\/PROGRAMMES<\/h4>\n\n\n\n<h6 class=\"wp-block-heading\">( d&rsquo;apr\u00e8s&nbsp;<a href=\"http:\/\/mondovelo.org\/\">mondovelo.org<\/a>)<\/h6>\n\n\n\n<p>\u2022&nbsp;<strong>Ecriture<\/strong>: produire des textes adapt\u00e9s aux situations (lettres\/a ches messages)<\/p>\n\n\n\n<p>\u2022&nbsp;<strong>Math\u00e9matiques<\/strong>: proportionnalit\u00e9, calcul<\/p>\n\n\n\n<p>\u2022&nbsp;<strong>Science<\/strong>et&nbsp;<strong>technologie<\/strong>: nutrition, \u00e9tude d\u2019objets techniques<\/p>\n\n\n\n<p>\u2022&nbsp;<strong>G\u00e9ographie<\/strong>: lire et utiliser des cartes, se rep\u00e9rer dans l\u2019espace, comprendre la topographie.<\/p>\n\n\n\n<p>\u2022&nbsp;<strong>Histoire<\/strong>: histoire locale et nationale en fonction du th\u00e8me choisi<\/p>\n\n\n\n<p>\u2022&nbsp;<strong>Arts visuels<\/strong>: acquisition de savoirs et techniques (photographie\/dessin)<\/p>\n\n\n\n<p>\u2022&nbsp;<strong>Instruction civique<\/strong>: vie collective, \u00e9cocitoyennet\u00e9 \u2022 EPS: maniabilit\u00e9, endurance et gestion de l\u2019effort.<\/p>\n\n\n\n<h4 class=\"wp-block-heading\">KIT PEDAGOGIQUE SCOLAIRES\/FORMATEURS<\/h4>\n\n\n\n<h3 class=\"wp-block-heading\">Pour les formateurs\/enseignants<\/h3>\n\n\n\n<p><a href=\"http:\/\/www.ecomobilite.org\/-ecomobilite-scolaire-13\"><strong>LA<\/strong>Boite \u00e0 outil de l&rsquo;\u00e9comobilit\u00e9 scolaire&nbsp;<\/a><\/p>\n\n\n\n<p>Une <strong>40aine de liens extr\u00eamement fournis<\/strong>vous permettant de r\u00e9pondre \u00e0 toutes vos envies de ressources p\u00e9dagogiques (Aspects R\u00e9glementaires, Sensibilisation, Mise en Oeuvre, illustrations, Quizz, Posters &#8230;). Une v\u00e9ritable<strong>caverne d&rsquo;Ali Baba !<\/strong><\/p>\n\n\n\n<figure class=\"wp-block-image\"><a href=\"https:\/\/velo-utile.fr\/a-velo-au-boulot\/wp-content\/uploads\/2017\/03\/arton616.jpg\"><img decoding=\"async\" src=\"https:\/\/velo-utile.fr\/a-velo-au-boulot\/wp-content\/uploads\/2017\/03\/arton616-300x162.jpg\" alt=\"\" class=\"wp-image-426\"\/><\/a><\/figure>\n\n\n\n<p>Animer un Challenge Mobilit\u00e9 :&nbsp;<a href=\"http:\/\/challenge-ecomobilite-scolaire.fr\/index.php\/janime-le-challenge\/\">Supports d&rsquo;animation pour les Cycles 2 et 3<\/a><\/p>\n\n\n\n<p>Livrets de l&rsquo;enseignant, livret de l&rsquo;\u00e9l\u00e8ve<\/p>\n\n\n\n<figure class=\"wp-block-image\"><a href=\"https:\/\/velo-utile.fr\/a-velo-au-boulot\/wp-content\/uploads\/2017\/03\/COUVERTURE-livret-scolaire-A5-professeur-sanstraitdecoupe-HD.png\"><img decoding=\"async\" src=\"https:\/\/velo-utile.fr\/a-velo-au-boulot\/wp-content\/uploads\/2017\/03\/COUVERTURE-livret-scolaire-A5-professeur-sanstraitdecoupe-HD-211x300.png\" alt=\"\" class=\"wp-image-431\"\/><\/a><\/figure>\n\n\n\n<p><a href=\"http:\/\/www.revue-eps.com\/fr\/apprendre-a-faire-du-velo-des-la-maternelle_o-6952.html\">Apprendre \u00e0 faire du v\u00e9lo \u00e0 la maternelle<\/a>[LIVRE]<\/p>\n\n\n\n<figure class=\"wp-block-image\"><a href=\"https:\/\/velo-utile.fr\/a-velo-au-boulot\/wp-content\/uploads\/2017\/03\/05102-_1328223859_zoom.jpg\"><img decoding=\"async\" src=\"https:\/\/velo-utile.fr\/a-velo-au-boulot\/wp-content\/uploads\/2017\/03\/05102-_1328223859_zoom.jpg\" alt=\"\" class=\"wp-image-423\"\/><\/a><\/figure>\n\n\n\n<p>Jeu&nbsp;<a href=\"http:\/\/www.fub.fr\/boutique\/etudes-dossiers-outils-pedagogiques\/jeu-mobivelo-selle-formation-mobilite-velo\">MOBIVELO<\/a>, en selle pour la formation de la mobilit\u00e9 \u00e0 v\u00e9lo<\/p>\n\n\n\n<figure class=\"wp-block-image\"><a href=\"https:\/\/velo-utile.fr\/a-velo-au-boulot\/wp-content\/uploads\/2017\/03\/08ab9502f0077467b6e462cff85043ac.jpg\"><img decoding=\"async\" src=\"https:\/\/velo-utile.fr\/a-velo-au-boulot\/wp-content\/uploads\/2017\/03\/08ab9502f0077467b6e462cff85043ac-134x300.jpg\" alt=\"\" class=\"wp-image-425\"\/><\/a><\/figure>\n\n\n\n<p>Fiche FUB&nbsp;<a href=\"https:\/\/velo-utile.fr\/a-velo-au-boulot\/wp-content\/uploads\/2017\/03\/ATELIER-suports-p%C3%A9dagogiques-et-ludiques-pour-enfants.pdf\">ATELIER suports p\u00e9dagogiques et ludiques pour enfants<\/a><\/p>\n\n\n\n<p>R\u00e9parer une crevaison,&nbsp;<a href=\"http:\/\/wiklou.org\/wiki\/Crevaison\">3 fiches techniques<\/a><\/p>\n\n\n\n<p>Tout, vraiment tout pour&nbsp;<a href=\"https:\/\/www.fub.fr\/fub\/actualites\/sortie-scolaire-ou-voyage-velo-organiser-projet-eleves\">organiser un Voyage Educatif \u00e0 V\u00e9lo<\/a><\/p>\n","protected":false},"excerpt":{"rendered":"<p>EMPLOYEURS Employeurs, quelques incitations https:\/\/www.service-public.fr\/professionnels-entreprises\/vosdroits\/F33808 ETABLISSEMENTS D&rsquo;ENSEIGNEMENT Responsables d&rsquo;\u00e9tablissements d&rsquo;enseignement, Semaine europ\u00e9enne de la mobilit\u00e9 http:\/\/www.education.gouv.fr\/cid57626\/semaine-de-la-mobilite.html IDEES COMPETENCES\/PROGRAMMES ( d&rsquo;apr\u00e8s&nbsp;mondovelo.org) \u2022&nbsp;Ecriture: produire des textes adapt\u00e9s aux situations (lettres\/a ches messages) \u2022&nbsp;Math\u00e9matiques: proportionnalit\u00e9, calcul \u2022&nbsp;Scienceet&nbsp;technologie: nutrition, \u00e9tude d\u2019objets techniques \u2022&nbsp;G\u00e9ographie: lire et utiliser des cartes, se rep\u00e9rer dans l\u2019espace, comprendre la topographie. \u2022&nbsp;Histoire: histoire locale et&hellip; <br \/> <a class=\"read-more\" href=\"https:\/\/challenge-velo-utile.fr\/index.php\/pour-aller-plus-loin\/\">Lire la suite<\/a><\/p>\n","protected":false},"author":1,"featured_media":0,"parent":0,"menu_order":0,"comment_status":"closed","ping_status":"closed","template":"","meta":{"footnotes":""},"class_list":["post-102","page","type-page","status-publish","hentry"],"yoast_head":"<!-- This site is optimized with the Yoast SEO plugin v27.5 - https:\/\/yoast.com\/product\/yoast-seo-wordpress\/ -->\n<title>Pour aller plus loin - Le challenge des mobilit\u00e9s St-Brieuc C\u00f4tes d&#039;Armor<\/title>\n<meta name=\"robots\" content=\"index, follow, max-snippet:-1, max-image-preview:large, max-video-preview:-1\" \/>\n<link rel=\"canonical\" href=\"https:\/\/challenge-velo-utile.fr\/index.php\/pour-aller-plus-loin\/\" \/>\n<meta property=\"og:locale\" content=\"fr_FR\" \/>\n<meta property=\"og:type\" content=\"article\" \/>\n<meta property=\"og:title\" content=\"Pour aller plus loin - Le challenge des mobilit\u00e9s St-Brieuc C\u00f4tes d&#039;Armor\" \/>\n<meta property=\"og:description\" content=\"EMPLOYEURS Employeurs, quelques incitations https:\/\/www.service-public.fr\/professionnels-entreprises\/vosdroits\/F33808 ETABLISSEMENTS D&rsquo;ENSEIGNEMENT Responsables d&rsquo;\u00e9tablissements d&rsquo;enseignement, Semaine europ\u00e9enne de la mobilit\u00e9 http:\/\/www.education.gouv.fr\/cid57626\/semaine-de-la-mobilite.html IDEES COMPETENCES\/PROGRAMMES ( d&rsquo;apr\u00e8s&nbsp;mondovelo.org) \u2022&nbsp;Ecriture: produire des textes adapt\u00e9s aux situations (lettres\/a ches messages) \u2022&nbsp;Math\u00e9matiques: proportionnalit\u00e9, calcul \u2022&nbsp;Scienceet&nbsp;technologie: nutrition, \u00e9tude d\u2019objets techniques \u2022&nbsp;G\u00e9ographie: lire et utiliser des cartes, se rep\u00e9rer dans l\u2019espace, comprendre la topographie. \u2022&nbsp;Histoire: histoire locale et&hellip; Lire la suite\" \/>\n<meta property=\"og:url\" content=\"https:\/\/challenge-velo-utile.fr\/index.php\/pour-aller-plus-loin\/\" \/>\n<meta property=\"og:site_name\" content=\"Le challenge des mobilit\u00e9s St-Brieuc C\u00f4tes d&#039;Armor\" \/>\n<meta property=\"article:publisher\" content=\"https:\/\/www.facebook.com\/challengeveloutile\/\" \/>\n<meta property=\"og:image\" content=\"https:\/\/velo-utile.fr\/a-velo-au-boulot\/wp-content\/uploads\/2017\/03\/arton616-300x162.jpg\" \/>\n<meta name=\"twitter:card\" content=\"summary_large_image\" \/>\n<meta name=\"twitter:site\" content=\"@CHALLENGEVELO22\" \/>\n<meta name=\"twitter:label1\" content=\"Dur\u00e9e de lecture estim\u00e9e\" \/>\n\t<meta name=\"twitter:data1\" content=\"1 minute\" \/>\n<script type=\"application\/ld+json\" class=\"yoast-schema-graph\">{\"@context\":\"https:\\\/\\\/schema.org\",\"@graph\":[{\"@type\":\"WebPage\",\"@id\":\"https:\\\/\\\/challenge-velo-utile.fr\\\/index.php\\\/pour-aller-plus-loin\\\/\",\"url\":\"https:\\\/\\\/challenge-velo-utile.fr\\\/index.php\\\/pour-aller-plus-loin\\\/\",\"name\":\"Pour aller plus loin - Le challenge des mobilit\u00e9s St-Brieuc C\u00f4tes d&#039;Armor\",\"isPartOf\":{\"@id\":\"https:\\\/\\\/challenge-velo-utile.fr\\\/#website\"},\"primaryImageOfPage\":{\"@id\":\"https:\\\/\\\/challenge-velo-utile.fr\\\/index.php\\\/pour-aller-plus-loin\\\/#primaryimage\"},\"image\":{\"@id\":\"https:\\\/\\\/challenge-velo-utile.fr\\\/index.php\\\/pour-aller-plus-loin\\\/#primaryimage\"},\"thumbnailUrl\":\"https:\\\/\\\/velo-utile.fr\\\/a-velo-au-boulot\\\/wp-content\\\/uploads\\\/2017\\\/03\\\/arton616-300x162.jpg\",\"datePublished\":\"2023-11-19T17:47:50+00:00\",\"breadcrumb\":{\"@id\":\"https:\\\/\\\/challenge-velo-utile.fr\\\/index.php\\\/pour-aller-plus-loin\\\/#breadcrumb\"},\"inLanguage\":\"fr-FR\",\"potentialAction\":[{\"@type\":\"ReadAction\",\"target\":[\"https:\\\/\\\/challenge-velo-utile.fr\\\/index.php\\\/pour-aller-plus-loin\\\/\"]}]},{\"@type\":\"ImageObject\",\"inLanguage\":\"fr-FR\",\"@id\":\"https:\\\/\\\/challenge-velo-utile.fr\\\/index.php\\\/pour-aller-plus-loin\\\/#primaryimage\",\"url\":\"https:\\\/\\\/velo-utile.fr\\\/a-velo-au-boulot\\\/wp-content\\\/uploads\\\/2017\\\/03\\\/arton616-300x162.jpg\",\"contentUrl\":\"https:\\\/\\\/velo-utile.fr\\\/a-velo-au-boulot\\\/wp-content\\\/uploads\\\/2017\\\/03\\\/arton616-300x162.jpg\"},{\"@type\":\"BreadcrumbList\",\"@id\":\"https:\\\/\\\/challenge-velo-utile.fr\\\/index.php\\\/pour-aller-plus-loin\\\/#breadcrumb\",\"itemListElement\":[{\"@type\":\"ListItem\",\"position\":1,\"name\":\"Accueil\",\"item\":\"https:\\\/\\\/challenge-velo-utile.fr\\\/\"},{\"@type\":\"ListItem\",\"position\":2,\"name\":\"Pour aller plus loin\"}]},{\"@type\":\"WebSite\",\"@id\":\"https:\\\/\\\/challenge-velo-utile.fr\\\/#website\",\"url\":\"https:\\\/\\\/challenge-velo-utile.fr\\\/\",\"name\":\"Le challenge des mobilit\u00e9s St-Brieuc C\u00f4tes d'Armor\",\"description\":\"\",\"publisher\":{\"@id\":\"https:\\\/\\\/challenge-velo-utile.fr\\\/#organization\"},\"alternateName\":\"Challenge V\u00e9lo Utile\",\"potentialAction\":[{\"@type\":\"SearchAction\",\"target\":{\"@type\":\"EntryPoint\",\"urlTemplate\":\"https:\\\/\\\/challenge-velo-utile.fr\\\/?s={search_term_string}\"},\"query-input\":{\"@type\":\"PropertyValueSpecification\",\"valueRequired\":true,\"valueName\":\"search_term_string\"}}],\"inLanguage\":\"fr-FR\"},{\"@type\":\"Organization\",\"@id\":\"https:\\\/\\\/challenge-velo-utile.fr\\\/#organization\",\"name\":\"Le challenge des mobilit\u00e9s St-Brieuc C\u00f4tes d'Armor\",\"alternateName\":\"Challenge V\u00e9lo Utile\",\"url\":\"https:\\\/\\\/challenge-velo-utile.fr\\\/\",\"logo\":{\"@type\":\"ImageObject\",\"inLanguage\":\"fr-FR\",\"@id\":\"https:\\\/\\\/challenge-velo-utile.fr\\\/#\\\/schema\\\/logo\\\/image\\\/\",\"url\":\"https:\\\/\\\/challenge-velo-utile.fr\\\/wp-content\\\/uploads\\\/2023\\\/11\\\/A3-CMSBA2024.png\",\"contentUrl\":\"https:\\\/\\\/challenge-velo-utile.fr\\\/wp-content\\\/uploads\\\/2023\\\/11\\\/A3-CMSBA2024.png\",\"width\":842,\"height\":1191,\"caption\":\"Le challenge des mobilit\u00e9s St-Brieuc C\u00f4tes d'Armor\"},\"image\":{\"@id\":\"https:\\\/\\\/challenge-velo-utile.fr\\\/#\\\/schema\\\/logo\\\/image\\\/\"},\"sameAs\":[\"https:\\\/\\\/www.facebook.com\\\/challengeveloutile\\\/\",\"https:\\\/\\\/x.com\\\/CHALLENGEVELO22\"]}]}<\/script>\n<!-- \/ Yoast SEO plugin. -->","yoast_head_json":{"title":"Pour aller plus loin - Le challenge des mobilit\u00e9s St-Brieuc C\u00f4tes d&#039;Armor","robots":{"index":"index","follow":"follow","max-snippet":"max-snippet:-1","max-image-preview":"max-image-preview:large","max-video-preview":"max-video-preview:-1"},"canonical":"https:\/\/challenge-velo-utile.fr\/index.php\/pour-aller-plus-loin\/","og_locale":"fr_FR","og_type":"article","og_title":"Pour aller plus loin - Le challenge des mobilit\u00e9s St-Brieuc C\u00f4tes d&#039;Armor","og_description":"EMPLOYEURS Employeurs, quelques incitations https:\/\/www.service-public.fr\/professionnels-entreprises\/vosdroits\/F33808 ETABLISSEMENTS D&rsquo;ENSEIGNEMENT Responsables d&rsquo;\u00e9tablissements d&rsquo;enseignement, Semaine europ\u00e9enne de la mobilit\u00e9 http:\/\/www.education.gouv.fr\/cid57626\/semaine-de-la-mobilite.html IDEES COMPETENCES\/PROGRAMMES ( d&rsquo;apr\u00e8s&nbsp;mondovelo.org) \u2022&nbsp;Ecriture: produire des textes adapt\u00e9s aux situations (lettres\/a ches messages) \u2022&nbsp;Math\u00e9matiques: proportionnalit\u00e9, calcul \u2022&nbsp;Scienceet&nbsp;technologie: nutrition, \u00e9tude d\u2019objets techniques \u2022&nbsp;G\u00e9ographie: lire et utiliser des cartes, se rep\u00e9rer dans l\u2019espace, comprendre la topographie. \u2022&nbsp;Histoire: histoire locale et&hellip; Lire la suite","og_url":"https:\/\/challenge-velo-utile.fr\/index.php\/pour-aller-plus-loin\/","og_site_name":"Le challenge des mobilit\u00e9s St-Brieuc C\u00f4tes d&#039;Armor","article_publisher":"https:\/\/www.facebook.com\/challengeveloutile\/","og_image":[{"url":"https:\/\/velo-utile.fr\/a-velo-au-boulot\/wp-content\/uploads\/2017\/03\/arton616-300x162.jpg","type":"","width":"","height":""}],"twitter_card":"summary_large_image","twitter_site":"@CHALLENGEVELO22","twitter_misc":{"Dur\u00e9e de lecture estim\u00e9e":"1 minute"},"schema":{"@context":"https:\/\/schema.org","@graph":[{"@type":"WebPage","@id":"https:\/\/challenge-velo-utile.fr\/index.php\/pour-aller-plus-loin\/","url":"https:\/\/challenge-velo-utile.fr\/index.php\/pour-aller-plus-loin\/","name":"Pour aller plus loin - Le challenge des mobilit\u00e9s St-Brieuc C\u00f4tes d&#039;Armor","isPartOf":{"@id":"https:\/\/challenge-velo-utile.fr\/#website"},"primaryImageOfPage":{"@id":"https:\/\/challenge-velo-utile.fr\/index.php\/pour-aller-plus-loin\/#primaryimage"},"image":{"@id":"https:\/\/challenge-velo-utile.fr\/index.php\/pour-aller-plus-loin\/#primaryimage"},"thumbnailUrl":"https:\/\/velo-utile.fr\/a-velo-au-boulot\/wp-content\/uploads\/2017\/03\/arton616-300x162.jpg","datePublished":"2023-11-19T17:47:50+00:00","breadcrumb":{"@id":"https:\/\/challenge-velo-utile.fr\/index.php\/pour-aller-plus-loin\/#breadcrumb"},"inLanguage":"fr-FR","potentialAction":[{"@type":"ReadAction","target":["https:\/\/challenge-velo-utile.fr\/index.php\/pour-aller-plus-loin\/"]}]},{"@type":"ImageObject","inLanguage":"fr-FR","@id":"https:\/\/challenge-velo-utile.fr\/index.php\/pour-aller-plus-loin\/#primaryimage","url":"https:\/\/velo-utile.fr\/a-velo-au-boulot\/wp-content\/uploads\/2017\/03\/arton616-300x162.jpg","contentUrl":"https:\/\/velo-utile.fr\/a-velo-au-boulot\/wp-content\/uploads\/2017\/03\/arton616-300x162.jpg"},{"@type":"BreadcrumbList","@id":"https:\/\/challenge-velo-utile.fr\/index.php\/pour-aller-plus-loin\/#breadcrumb","itemListElement":[{"@type":"ListItem","position":1,"name":"Accueil","item":"https:\/\/challenge-velo-utile.fr\/"},{"@type":"ListItem","position":2,"name":"Pour aller plus loin"}]},{"@type":"WebSite","@id":"https:\/\/challenge-velo-utile.fr\/#website","url":"https:\/\/challenge-velo-utile.fr\/","name":"Le challenge des mobilit\u00e9s St-Brieuc C\u00f4tes d'Armor","description":"","publisher":{"@id":"https:\/\/challenge-velo-utile.fr\/#organization"},"alternateName":"Challenge V\u00e9lo Utile","potentialAction":[{"@type":"SearchAction","target":{"@type":"EntryPoint","urlTemplate":"https:\/\/challenge-velo-utile.fr\/?s={search_term_string}"},"query-input":{"@type":"PropertyValueSpecification","valueRequired":true,"valueName":"search_term_string"}}],"inLanguage":"fr-FR"},{"@type":"Organization","@id":"https:\/\/challenge-velo-utile.fr\/#organization","name":"Le challenge des mobilit\u00e9s St-Brieuc C\u00f4tes d'Armor","alternateName":"Challenge V\u00e9lo Utile","url":"https:\/\/challenge-velo-utile.fr\/","logo":{"@type":"ImageObject","inLanguage":"fr-FR","@id":"https:\/\/challenge-velo-utile.fr\/#\/schema\/logo\/image\/","url":"https:\/\/challenge-velo-utile.fr\/wp-content\/uploads\/2023\/11\/A3-CMSBA2024.png","contentUrl":"https:\/\/challenge-velo-utile.fr\/wp-content\/uploads\/2023\/11\/A3-CMSBA2024.png","width":842,"height":1191,"caption":"Le challenge des mobilit\u00e9s St-Brieuc C\u00f4tes d'Armor"},"image":{"@id":"https:\/\/challenge-velo-utile.fr\/#\/schema\/logo\/image\/"},"sameAs":["https:\/\/www.facebook.com\/challengeveloutile\/","https:\/\/x.com\/CHALLENGEVELO22"]}]}},"_links":{"self":[{"href":"https:\/\/challenge-velo-utile.fr\/index.php\/wp-json\/wp\/v2\/pages\/102","targetHints":{"allow":["GET"]}}],"collection":[{"href":"https:\/\/challenge-velo-utile.fr\/index.php\/wp-json\/wp\/v2\/pages"}],"about":[{"href":"https:\/\/challenge-velo-utile.fr\/index.php\/wp-json\/wp\/v2\/types\/page"}],"author":[{"embeddable":true,"href":"https:\/\/challenge-velo-utile.fr\/index.php\/wp-json\/wp\/v2\/users\/1"}],"replies":[{"embeddable":true,"href":"https:\/\/challenge-velo-utile.fr\/index.php\/wp-json\/wp\/v2\/comments?post=102"}],"version-history":[{"count":1,"href":"https:\/\/challenge-velo-utile.fr\/index.php\/wp-json\/wp\/v2\/pages\/102\/revisions"}],"predecessor-version":[{"id":103,"href":"https:\/\/challenge-velo-utile.fr\/index.php\/wp-json\/wp\/v2\/pages\/102\/revisions\/103"}],"wp:attachment":[{"href":"https:\/\/challenge-velo-utile.fr\/index.php\/wp-json\/wp\/v2\/media?parent=102"}],"curies":[{"name":"wp","href":"https:\/\/api.w.org\/{rel}","templated":true}]}}